{"id":751,"date":"2024-08-13T17:13:23","date_gmt":"2024-08-13T15:13:23","guid":{"rendered":"https:\/\/carta.licoresjunior.com\/?post_type=product&#038;p=751"},"modified":"2026-01-31T17:05:55","modified_gmt":"2026-01-31T16:05:55","slug":"fajitas-de-res","status":"publish","type":"product","link":"https:\/\/carta.licoresjunior.com\/index.php\/producto\/fajitas-de-res\/","title":{"rendered":"Fajitas Mixtas"},"content":{"rendered":"<p>Cubos de solomito de res y pechuga de pollo con cebolla y champi\u00f1ones, asados y cubiertos con salsa de chile. Servidos sobre tortilla de ma\u00edz con costra de queso y acompa\u00f1ados de vegetales salteados.<\/p>\n","protected":false},"excerpt":{"rendered":"<p>Cubos de solomito de res y pechuga de pollo con cebolla y champi\u00f1ones, asados y cubiertos con salsa de chile. Servidos sobre tortilla de ma\u00edz con costra de queso y acompa\u00f1ados de vegetales salteados.<\/p>\n","protected":false},"featured_media":0,"comment_status":"open","ping_status":"closed","template":"","meta":{"_et_pb_use_builder":"","_et_pb_old_content":"","_et_gb_content_width":""},"product_brand":[],"product_cat":[31],"product_tag":[],"class_list":{"0":"post-751","1":"product","2":"type-product","3":"status-publish","5":"product_cat-menu","7":"first","8":"instock","9":"shipping-taxable","10":"purchasable","11":"product-type-simple"},"_links":{"self":[{"href":"https:\/\/carta.licoresjunior.com\/index.php\/wp-json\/wp\/v2\/product\/751","targetHints":{"allow":["GET"]}}],"collection":[{"href":"https:\/\/carta.licoresjunior.com\/index.php\/wp-json\/wp\/v2\/product"}],"about":[{"href":"https:\/\/carta.licoresjunior.com\/index.php\/wp-json\/wp\/v2\/types\/product"}],"replies":[{"embeddable":true,"href":"https:\/\/carta.licoresjunior.com\/index.php\/wp-json\/wp\/v2\/comments?post=751"}],"wp:attachment":[{"href":"https:\/\/carta.licoresjunior.com\/index.php\/wp-json\/wp\/v2\/media?parent=751"}],"wp:term":[{"taxonomy":"product_brand","embeddable":true,"href":"https:\/\/carta.licoresjunior.com\/index.php\/wp-json\/wp\/v2\/product_brand?post=751"},{"taxonomy":"product_cat","embeddable":true,"href":"https:\/\/carta.licoresjunior.com\/index.php\/wp-json\/wp\/v2\/product_cat?post=751"},{"taxonomy":"product_tag","embeddable":true,"href":"https:\/\/carta.licoresjunior.com\/index.php\/wp-json\/wp\/v2\/product_tag?post=751"}],"curies":[{"name":"wp","href":"https:\/\/api.w.org\/{rel}","templated":true}]}}